he greatest common factor of k and 192.
48
Let n = -4633 + 4683. What is the greatest common factor of 410 and n?
10
Let m = -2506 - -3884. Calculate the greatest common factor of 318 and m.
106
Let a(j) = 6*j - 3. Let c be a(5). Suppose 102*n - 103*n + 7 = 2*o, 0 = 4*o - 9*o - 50. Calculate the highest common divisor of c and n.
27
Let q(f) = 6 + 28*f**2 + 173*f + 171*f - 342*f. Let r be q(-3). Calculate the highest common factor of r and 196.
28
Suppose -5 = 3*u + 3*t + 1, -6 = 2*u + 4*t. Let g(h) = -120*h + 10. Let k be g(u). Calculate the highest common divisor of k and 10.
10
Suppose 0 = 4*s - 3*h + 61 - 358, 3*s + 5*h = 230. Let z = 89 - s. Suppose 2*d = -2*d + 12, -2*d = -3*b + 288. Calculate the greatest common divisor of z and b.
14
Suppose c - 68 + 12 = 0. Suppose 0 = -81*a + 180525 - 169185. What is the greatest common divisor of a and c?
28
Let u = -3 - -11. Let m(h) = h**2 - 24*h + 42. Let j be m(27). Let r = 135 - j. What is the greatest common factor of u and r?
4
Let g(r) = r**3 + 22*r**2 - 190*r - 45. Let p be g(-17). What is the greatest common factor of 30 and p?
10
Let z(s) = -s**2 + 12. Let u be z(0). Let m be (-1038*(-30)/(-135))/((-1)/(-3)). Let w = -662 - m. Calculate the greatest common factor of u and w.
6
Let i(b) = 78*b + 10420. Let j be i(-133). Let r(l) = -l**2 - 3*l + 8. Let z be r(-8). Let v = 101 + z. What is the greatest common divisor of v and j?
23
Let b be (-4 + 4 + -7)*(-20)/14. Suppose 0 = -2*y - n + 25, 8*y - b*y - 3*n = -31. Calculate the highest common divisor of 88 and y.
11
Let v be 20/(-110) + (-6936)/(-33). What is the highest common factor of v and 30?
30
Let x = -3695 - -3711. Calculate the greatest common factor of x and 472.
8
Suppose 12*l + 16 = 8*l. Let v be 50*(6/(-4) - l). What is the highest common divisor of v and 25?
25
Let d = -64 + 237. Suppose 2*o = -3*c + 117, -o - d = -4*o - 4*c. Calculate the greatest common factor of o and 68.
17
Let j be 1*27*(-17)/(204/8). Let v(g) = g**3 + 18*g**2 - 5*g - 70. Let a be v(j). Suppose -u + 9 + 1 = 0. What is the greatest common factor of u and a?
10
Suppose -3*k = j - 14 - 690, 8*j = 3*k - 632. What is the highest common factor of k and 184?
8
Let k be (6*24/(-84))/((-1)/21). What is the greatest common factor of k and 11052?
36
Let s be (-3)/((-9)/536) + (-5)/(-15). Suppose 66 = 2*x + l - 5, -5*x + s = l. Suppose -2*y - 3*y = -60. What is the highest common factor of y and x?
12
Suppose -133 = d + 2*z, -d + 45*z = 42*z + 143. Let o = 167 + d. What is the greatest common factor of o and 20?
10
Let d(x) = -x**3 + 4*x**2 - 3*x. Let n = -44 - -46. Let g be d(n). Suppose -g*p - 3*p + 60 = 0. Calculate the highest common divisor of p and 2.
2
Let b(h) = -5*h + 112. Let a(q) = q + 3. Let f(z) = 3*a(z) - b(z). Let u be f(16). What is the greatest common divisor of u and 10?
5
Let h be -349 - (20/(-12))/((-30)/18). Let n = h - -372. What is the greatest common factor of 11 and n?
11
Suppose -232*w + 7308 = -145*w. Calculate the highest common factor of w and 1536.
12
Let k = -7 - -23. Let y = -5 + 6. Let q be (61 - y)/((-3)/(-2)). What is the greatest common divisor of k and q?
8
Let t(s) = -s**3 + 3*s**2 + 2. Let u be t(0). Let m be (-2)/((12/(-112))/(-3)). Let f be (m/70)/(1/(-10)). Calculate the highest common factor of f and u.
2
Suppose 17*a - 9107 - 20123 = -8524. What is the highest common factor of a and 98?
14
Suppose 0*q = -4*q + 4*u + 556, -2*q = -5*u - 281. Let n(h) = 2*h**3 + 14*h**2 + 6*h - 30. Let f be n(-6). What is the highest common factor of q and f?
6
Let v be (-195 + 0)*8490/(-11037). Suppose 3*p - p - 20 = 0. What is the highest common divisor of p and v?
10
Let g = 2245 - 2083. Suppose 7*o - 21 = 4*o. Suppose -g = -o*z + z. What is the highest common factor of 54 and z?
27
Let f = 553 - 105. What is the greatest common divisor of 704 and f?
64
Let q be (-3235)/(-13) + (-6)/(-39). Let y = -145 + q. Let n = -17 + 30. What is the highest common factor of y and n?
13
Let f = -178 + 180. Let a be (1/3)/(f/102) - -2. Calculate the greatest common divisor of a and 513.
19
Suppose -4*b + 59431 + 51053 = 27*b. Calculate the greatest common factor of 4 and b.
4
Suppose -5*j + 4*c + 1842 = c, 3*j = -c + 1094. Let n = j + -177. Calculate the greatest common divisor of 126 and n.
63
Let s be 1 - (-7)/(7/22). Let h(l) be the first derivative of -l**4/2 - 4*l**3/3 + 5*l + 3. Let c be h(-4). What is the greatest common divisor of c and s?
23
Suppose b + 326 = 3*b. Suppose -b*l + 156*l = -357. Calculate the highest common divisor of 816 and l.
51
Let q = 515 - 513. Let i be 1/3 + (-45)/(-27). Suppose q*b = -2*b - i*c + 342, -c = -3*b + 269. What is the highest common factor of 44 and b?
44
Let m = 57 + -52. Let y be (0 + -40)*(5 - m - 2). Let o = y - 10. Calculate the greatest common factor of 10 and o.
10
Let l be 390/28 + ((-171)/(-42) - 4). Suppose 7*u + 55 - 300 = 0. Calculate the highest common factor of u and l.
7
Suppose 9*f - 26*f - 340 = 0. Let w(a) = a**3 + 19*a**2 - 21*a + 13. Let d be w(f). Calculate the greatest common divisor of d and 121.
11
Let n = 30 + -202. Let y = 249 + n. What is the greatest common divisor of y and 7?
7
Suppose 0 = 9*b - 149 - 94. Suppose -b*n = -99 + 72. What is the greatest common factor of n and 19?
1
Let d(h) be the third derivative of h**6/120 - h**5/12 - 7*h**4/12 + 5*h**3/3 - 31*h**2. Let x be d(9). What is the greatest common divisor of x and 52?
52
Let a be (-408)/510*350/(-8). Suppose -2*v + 3*g = -61, -134 = -4*v + 3*g - g. What is the greatest common factor of a and v?
35
Suppose 2*d = -h - 3, -d + 0 - 4 = 0. Suppose h*g - 578 = 2807. Let f = g + -437. Calculate the greatest common divisor of 30 and f.
30
Suppose 75143 = 143*g + 47888 - 431489. Calculate the highest common divisor of 16 and g.
8
Let t = 176 + -172. Let m be 19 - (2 - t) - 6/(-6). What is the greatest common divisor of m and 121?
11
Suppose -2*z - 84 = -2*i, 3*z + 22*i = 18*i - 112. Let n = -12 - z. Let s = -11 + 25. What is the greatest common factor of n and s?
14
Let w = -31 - 74. Let j = w + 112. Suppose -57 = -4*u + j. Calculate the highest common factor of u and 16.
16
Suppose 0 = -0*t + 12*t - 3816. Let y = -255 + t. Let b = 18 + -9. Calculate the greatest common factor of b and y.
9
Let d(g) be the first derivative of -8*g**2 - 14/3*g**3 - 1/4*g**4 - 15*g - 9. Let b be d(-13). What is the greatest common divisor of b and 192?
24
Let q = -4346 - -4448. Calculate the highest common divisor of 15 and q.
3
Let r = 173 - -197. Let c = r - 232. What is the highest common factor of 69 and c?
69
Suppose 176*s - 5756 = -300. Calculate the highest common divisor of s and 6541.
31
Let z(t) = 2*t**2 - t + 2. Let b be z(-5). Let m = 64 - b. Suppose 192 = r + m*r. What is the highest common divisor of r and 48?
24
Let o be 30/45 + (-2858)/(-6). Calculate the greatest common divisor of o and 583.
53
Suppose -9*r = -r - 456. What is the greatest common divisor of 57 and r?
57
Let s = -117 + 153. Suppose -q - 5 = 4*q. Let g be q/(1/(-15)) + -3. What is the greatest common factor of g and s?
12
Let v = -257 + 277. Suppose v*d - 2187 = 873. Calculate the greatest common factor of d and 18.
9
Suppose -2*r + w = -69, -4*w = -25*r + 27*r - 114. Calculate the greatest common factor of 832 and r.
13
Let b(x) = 65*x + 6*x - 22 + 43*x + 9*x**2 + 72*x. Let o be b(-21). Calculate the highest common divisor of 533 and o.
41
Suppose 0 = 26*u + 630 - 2034. Calculate the highest common divisor of u and 54.
54
Suppose -12*i + 217 = -335. Suppose -i = -a + 27. Calculate the highest common factor of a and 73.
73
Let x be 10642/626 - 1*-4548. What is the highest common factor of x and 110?
55
Suppose -4*d - 10*d = 0. Suppose -n + 5*c + 268 = d, 3*c - 2*c = -2*n + 481. What is the greatest common divisor of n and 9?
9
Let c = 181 - 178. Suppose -3*n - 5 = -11. Suppose -m = -3*d - 5 + 2, -n*m = -3*d - 15. What is the highest common factor of m and c?
3
Suppose 118*c - 120*c + 52 = 4*v, 0 = 4*v + 4. Calculate the greatest common divisor of c and 2429.
7
Suppose v = -2*z, 8*z - 5*v - 28 = 4*z. Suppose -6*x = -x - 20, z*x = -5*i + 38. Let j = 11 + 4. Calculate the greatest common factor of i and j.
3
Suppose 0*a = 5*v - 2*a - 5, -5 = -5*v + a. Let g = -42 + 63. 